351 and 156?
39
What is the greatest common divisor of 80 and 112?
16
What is the highest common factor of 87 and 6?
3
What is the highest common factor of 25 and 3900?
25
What is the greatest common factor of 132 and 48?
12
Calculate the highest common factor of 65 and 1391.
13
What is the greatest common factor of 24 and 420?
12
What is the highest common divisor of 31 and 2511?
31
Calculate the highest common divisor of 1458 and 648.
162
What is the highest common divisor of 2 and 34?
2
Calculate the greatest common divisor of 252 and 180.
36
What is the greatest common factor of 9 and 3057?
3
What is the highest common divisor of 5477 and 1?
1
What is the greatest common divisor of 71 and 45937?
71
Calculate the greatest common divisor of 5334 and 42.
42
Calculate the highest common divisor of 234 and 130.
26
Calculate the highest common divisor of 4 and 26.
2
What is the greatest common divisor of 531 and 36?
9
Calculate the highest common factor of 620 and 60.
20
What is the greatest common factor of 5 and 35?
5
Calculate the highest common divisor of 2091 and 369.
123
Calculate the highest common divisor of 13013 and 11.
11
Calculate the highest common divisor of 6 and 4434.
6
Calculate the greatest common divisor of 50 and 600.
50
Calculate the highest common factor of 500 and 20.
20
What is the greatest common factor of 54 and 24?
6
Calculate the highest common factor of 64 and 760.
8
What is the highest common factor of 148 and 4?
4
Calculate the greatest common factor of 40 and 105.
5
Calculate the highest common factor of 56 and 98.
14
What is the greatest common factor of 96 and 882?
6
What is the highest common factor of 620 and 62?
62
What is the highest common divisor of 68 and 136?
68
What is the highest common divisor of 272 and 16?
16
Calculate the highest common divisor of 2240 and 16.
16
Calculate the greatest common divisor of 2501 and 656.
41
What is the highest common divisor of 494 and 78?
26
What is the highest common factor of 6 and 52?
2
Calculate the greatest common factor of 217 and 189.
7
What is the greatest common divisor of 170 and 986?
34
What is the highest common factor of 24 and 152?
8
What is the highest common factor of 384 and 224?
32
Calculate the greatest common divisor of 492 and 312.
12
What is the highest common factor of 60 and 1380?
60
What is the greatest common divisor of 48 and 21012?
12
Calculate the highest common factor of 2534 and 378.
14
Calculate the greatest common divisor of 2456 and 16.
8
Calculate the highest common factor of 69 and 41331.
69
What is the highest common factor of 8 and 296?
8
Calculate the greatest common factor of 79 and 1501.
79
Calculate the highest common factor of 104 and 182.
26
What is the highest common factor of 156 and 192?
12
What is the greatest common divisor of 376 and 56?
8
What is the greatest common factor of 1767 and 93?
93
What is the highest common factor of 48 and 276?
12
Calculate the greatest common factor of 144 and 384.
48
What is the greatest common factor of 41 and 246?
41
Calculate the highest common factor of 462 and 854.
14
What is the greatest common divisor of 6 and 2202?
6
Calculate the greatest common factor of 323 and 247.
19
Calculate the greatest common divisor of 843 and 27.
3
What is the highest common factor of 558 and 62?
62
Calculate the highest common divisor of 28 and 64358.
14
What is the greatest common factor of 150 and 12?
6
What is the greatest common divisor of 1984 and 372?
124
What is the highest common factor of 29 and 551?
29
Calculate the highest common factor of 19278 and 162.
162
What is the greatest common divisor of 9087 and 39?
39
Calculate the greatest common divisor of 6 and 174.
6
What is the highest common divisor of 1100 and 100?
100
Calculate the greatest common factor of 306 and 162.
18
What is the greatest common factor of 22 and 30294?
22
What is the greatest common factor of 45 and 288?
9
Calculate the highest common divisor of 104 and 8.
8
What is the greatest common divisor of 82 and 82?
82
What is the highest common factor of 1199 and 44?
11
Calculate the highest common divisor of 204 and 1666.
34
Calculate the greatest common divisor of 41 and 1845.
41
Calculate the greatest common divisor of 165 and 198.
33
Calculate the highest common divisor of 141 and 705.
141
What is the highest common divisor of 3401 and 76?
19
What is the highest common factor of 6206 and 214?
214
What is the greatest common factor of 472 and 767?
59
Calculate the greatest common divisor of 78 and 1131.
39
What is the highest common factor of 445 and 10?
5
What is the highest common divisor of 136 and 8?
8
Calculate the greatest common divisor of 12448 and 160.
32
Calculate the highest common divisor of 72 and 45.
9
Calculate the highest common factor of 15429 and 278.
139
Calculate the highest common divisor of 40 and 340.
20
Calculate the greatest common divisor of 114 and 26277.
57
Calculate the greatest common factor of 88 and 55.
11
What is the highest common factor of 532 and 3268?
76
What is the highest common factor of 767 and 91?
13
Calculate the greatest common factor of 2826 and 5024.
314
Calculate the highest common divisor of 264 and 1608.
24
Calculate the greatest common divisor of 432 and 459.
27
Calculate the greatest common divisor of 88 and 3443.
11
What is the greatest common factor of 108 and 96?
12
Calculate the highest common factor of 144 and 128.
16
Calculate the greatest common factor of 20340 and 180.
180
What is the greatest common factor of 6171 and 357?
51
Calculate the greatest common divisor of 213 and 3.
3
Calculate the greatest common factor of 212 and 1166.
106
Calculate the highest common divisor of 18161 and 11.
11
What is the highest common divisor of 318 and 12?
6
Calculate the highest common divisor of 341 and 220.
11
Calculate the greatest common divisor of 119 and 442.
17
Calculate the highest common factor of 477 and 18.
9
Calculate the highest common factor of 12 and 92.
4
Calculate the highest common factor of 354 and 24.
6
Calculate the highest common factor of 1352 and 156.
52
Calculate the greatest common factor of 46 and 1334.
46
Calculate the greatest common factor of 12888 and 54.
18
What is the highest common factor of 34 and 663?
17
Calculate the greatest common factor of 18 and 774.
18
Calculate the highest common factor of 95 and 304.
19
What is the greatest common divisor of 3501 and 81?
9
What is the highest common divisor of 52 and 16016?
52
What is the highest common divisor of 353 and 44831?
353
What is the highest common divisor of 28 and 1239?
7
Calculate the greatest common factor of 35 and 560.
35
What is the greatest common factor of 3145 and 510?
85
Calculate the highest common divisor of 34 and 187.
17
What is the highest common divisor of 80 and 415?
5
Calculate the greatest common factor of 1333 and 43.
43
What is the greatest common factor of 21 and 42?
21
What is the greatest common divisor of 10944 and 76?
76
Calculate the greatest common divisor of 31 and 52328.
31
Calculate the greatest common factor of 26 and 5408.
26
Calculate the highest common factor of 5771 and 522.
29
What is the highest common divisor of 1840 and 1040?
80
What is the highest common divisor of 45 and 1080?
45
What is the greatest common factor of 61 and 1?
1
Calculate the highest common divisor of 4 and 1.
1
What is the greatest common divisor of 1095 and 4526?
73
Calculate the greatest common divisor of 216 and 1620.
108
What is the greatest common factor of 2348 and 8?
4
Calculate the greatest common factor of 161 and 7.
7
Calculate the greatest common divisor of 64 and 448.
64
What is the highest common divisor of 154 and 88?
22
What is the greatest common factor of 2173 and 159?
53
What is the greatest common factor of 119 and 663?
17
What is the highest common divisor of 32 and 2528?
32
What is the greatest common divisor of 1883 and 77?
7
Calculate the highest common divisor of 324 and 513.
27
Calculate the greatest common factor of 105 and 3255.
105
What is the highest common divisor of 421 and 7?
1
What is the greatest common factor of 900 and 144?
36
What is the greatest common divisor of 100 and 2500?
100
Calculate the greatest common divisor of 932 and 4.
4
Calc